{"id":4376,"date":"2025-06-06T08:35:21","date_gmt":"2025-06-06T06:35:21","guid":{"rendered":"https:\/\/miniprojets.net\/?page_id=4376"},"modified":"2026-02-21T11:33:34","modified_gmt":"2026-02-21T10:33:34","slug":"winky-makers","status":"publish","type":"page","link":"https:\/\/miniprojets.net\/index.php\/winky-makers\/","title":{"rendered":"Winky ESP8266"},"content":{"rendered":"\n<p>Le \u00ab\u00a0Winky Makers\u00a0\u00bb avec un ESP8266 cr\u00e9e pour \u00eatre r\u00e9alisable en Fablab<\/p>\n\n\n\n<figure class=\"wp-block-image\"><img loading=\"lazy\" decoding=\"async\" width=\"804\" height=\"400\" src=\"https:\/\/miniprojets.net\/wp-content\/uploads\/2025\/05\/image-40.png\" alt=\"\" class=\"wp-image-4272\" srcset=\"https:\/\/miniprojets.net\/wp-content\/uploads\/2025\/05\/image-40.png 804w, https:\/\/miniprojets.net\/wp-content\/uploads\/2025\/05\/image-40-300x149.png 300w, https:\/\/miniprojets.net\/wp-content\/uploads\/2025\/05\/image-40-768x382.png 768w\" sizes=\"auto, (max-width: 804px) 100vw, 804px\" \/><\/figure>\n\n\n\n<p>Lien Gitlab de la passerelle \u2013&gt; <a href=\"https:\/\/gricad-gitlab.univ-grenoble-alpes.fr\/ferrarij\/winky\">https:\/\/gricad-gitlab.univ-grenoble-alpes.fr\/ferrarij\/winky<\/a><\/p>\n\n\n\n<figure class=\"wp-block-embed is-type-wp-embed is-provider-miniprojets-net wp-block-embed-miniprojets-net\"><div class=\"wp-block-embed__wrapper\">\n<blockquote class=\"wp-embedded-content\" data-secret=\"HMCH6qJMY6\"><a href=\"https:\/\/miniprojets.net\/index.php\/notice-de-montage\/\">Notice de montage du Winky ESP8266<\/a><\/blockquote><iframe loading=\"lazy\" class=\"wp-embedded-content\" sandbox=\"allow-scripts\" security=\"restricted\" style=\"position: absolute; visibility: hidden;\" title=\"&#8220;Notice de montage du Winky ESP8266&#8221; &#8212; MiniProjets.net\" src=\"https:\/\/miniprojets.net\/index.php\/notice-de-montage\/embed\/#?secret=hkECpDYqSG#?secret=HMCH6qJMY6\" data-secret=\"HMCH6qJMY6\" width=\"600\" height=\"338\" frameborder=\"0\" marginwidth=\"0\" marginheight=\"0\" scrolling=\"no\"><\/iframe>\n<\/div><\/figure>\n\n\n\n<figure class=\"wp-block-embed is-type-wp-embed is-provider-miniprojets-net wp-block-embed-miniprojets-net\"><div class=\"wp-block-embed__wrapper\">\n<blockquote class=\"wp-embedded-content\" data-secret=\"7sgp6W1oqH\"><a href=\"https:\/\/miniprojets.net\/index.php\/notice-mise-a-jour-winky-esp8266-software-version-laboratoire\/\">Notice mise \u00e0 jour Winky ESP8266 (software version exp\u00e9rimentation)<\/a><\/blockquote><iframe loading=\"lazy\" class=\"wp-embedded-content\" sandbox=\"allow-scripts\" security=\"restricted\" style=\"position: absolute; visibility: hidden;\" title=\"&#8220;Notice mise \u00e0 jour Winky ESP8266 (software version exp\u00e9rimentation)&#8221; &#8212; MiniProjets.net\" src=\"https:\/\/miniprojets.net\/index.php\/notice-mise-a-jour-winky-esp8266-software-version-laboratoire\/embed\/#?secret=wNNsBOOaln#?secret=7sgp6W1oqH\" data-secret=\"7sgp6W1oqH\" width=\"600\" height=\"338\" frameborder=\"0\" marginwidth=\"0\" marginheight=\"0\" scrolling=\"no\"><\/iframe>\n<\/div><\/figure>\n\n\n\n<figure class=\"wp-block-embed is-type-wp-embed is-provider-miniprojets-net wp-block-embed-miniprojets-net\"><div class=\"wp-block-embed__wrapper\">\n<blockquote class=\"wp-embedded-content\" data-secret=\"ha5z17ylm4\"><a href=\"https:\/\/miniprojets.net\/index.php\/tutorial-configuration-du-winky-esp8266\/\">Tutorial configuration du Winky ESP8266 (software version exp\u00e9rimentation)<\/a><\/blockquote><iframe loading=\"lazy\" class=\"wp-embedded-content\" sandbox=\"allow-scripts\" security=\"restricted\" style=\"position: absolute; visibility: hidden;\" title=\"&#8220;Tutorial configuration du Winky ESP8266 (software version exp\u00e9rimentation)&#8221; &#8212; MiniProjets.net\" src=\"https:\/\/miniprojets.net\/index.php\/tutorial-configuration-du-winky-esp8266\/embed\/#?secret=zdAyzjUTp3#?secret=ha5z17ylm4\" data-secret=\"ha5z17ylm4\" width=\"600\" height=\"338\" frameborder=\"0\" marginwidth=\"0\" marginheight=\"0\" scrolling=\"no\"><\/iframe>\n<\/div><\/figure>\n","protected":false},"excerpt":{"rendered":"<p>Le \u00ab\u00a0Winky Makers\u00a0\u00bb avec un ESP8266 cr\u00e9e pour \u00eatre r\u00e9alisable en Fablab Lien Gitlab de la passerelle \u2013&gt; https:\/\/gricad-gitlab.univ-grenoble-alpes.fr\/ferrarij\/winky<\/p>\n","protected":false},"author":1,"featured_media":0,"parent":0,"menu_order":0,"comment_status":"closed","ping_status":"closed","template":"","meta":{"footnotes":""},"class_list":["post-4376","page","type-page","status-publish","hentry"],"_links":{"self":[{"href":"https:\/\/miniprojets.net\/index.php\/wp-json\/wp\/v2\/pages\/4376","targetHints":{"allow":["GET"]}}],"collection":[{"href":"https:\/\/miniprojets.net\/index.php\/wp-json\/wp\/v2\/pages"}],"about":[{"href":"https:\/\/miniprojets.net\/index.php\/wp-json\/wp\/v2\/types\/page"}],"author":[{"embeddable":true,"href":"https:\/\/miniprojets.net\/index.php\/wp-json\/wp\/v2\/users\/1"}],"replies":[{"embeddable":true,"href":"https:\/\/miniprojets.net\/index.php\/wp-json\/wp\/v2\/comments?post=4376"}],"version-history":[{"count":4,"href":"https:\/\/miniprojets.net\/index.php\/wp-json\/wp\/v2\/pages\/4376\/revisions"}],"predecessor-version":[{"id":4710,"href":"https:\/\/miniprojets.net\/index.php\/wp-json\/wp\/v2\/pages\/4376\/revisions\/4710"}],"wp:attachment":[{"href":"https:\/\/miniprojets.net\/index.php\/wp-json\/wp\/v2\/media?parent=4376"}],"curies":[{"name":"wp","href":"https:\/\/api.w.org\/{rel}","templated":true}]}}