{"id":4261,"date":"2025-05-23T10:21:59","date_gmt":"2025-05-23T08:21:59","guid":{"rendered":"https:\/\/miniprojets.net\/?page_id=4261"},"modified":"2025-06-07T21:52:37","modified_gmt":"2025-06-07T19:52:37","slug":"notice-mise-a-jour-winky-esp8266-software-version-laboratoire","status":"publish","type":"page","link":"https:\/\/miniprojets.net\/index.php\/notice-mise-a-jour-winky-esp8266-software-version-laboratoire\/","title":{"rendered":"Notice flashage\/mise \u00e0 jour Winky ESP8266 (software version exp\u00e9rimentation)"},"content":{"rendered":"\n<p>Ce topic est \u00e9crit afin de supporter le tutorial pour programmer ou reprogrammer le firmware du Winky<\/p>\n\n\n\n<p><strong>Partie 1 : Comment brancher l\u2019ESP8266 pour sa programmation<\/strong><\/p>\n\n\n\n<p>La premi\u00e8re manipulation consiste \u00e0 sortir le Winky de son boitier, pour cela, il suffit d\u2019ouvrir le boitier plastique<\/p>\n\n\n\n<figure class=\"wp-block-image\"><img decoding=\"async\" src=\"https:\/\/miniprojets.net\/wp-content\/uploads\/2023\/10\/Winky1-1.jpg\" alt=\"\"\/><\/figure>\n\n\n\n<p>Puis de sortir la partie \u00e9lectronique.<\/p>\n\n\n\n<figure class=\"wp-block-image\"><img decoding=\"async\" src=\"https:\/\/miniprojets.net\/wp-content\/uploads\/2023\/10\/Winky2-scaled.jpg\" alt=\"\"\/><\/figure>\n\n\n\n<p>Maintenant, il faut enlever la carte supportant l\u2019ESP8266 de la partie basse qui g\u00e8re la puissance et la mise en forme des signaux.<\/p>\n\n\n\n<figure class=\"wp-block-image\"><img decoding=\"async\" src=\"https:\/\/miniprojets.net\/wp-content\/uploads\/2023\/10\/Winky3-scaled.jpg\" alt=\"\"\/><\/figure>\n\n\n\n<p>Pour information, si vous avez le mod\u00e8le avec une antenne externe (comme la photo ci-dessus), vous pouvez la laisser branch\u00e9e sur l\u2019ESP8266 (Sur les photos suivantes, je l\u2019ai enlev\u00e9e afin de voir les d\u00e9tails)<\/p>\n\n\n\n<p>Maintenant, il faut brancher l\u2019ESP8266 sur l\u2019adaptateur de la fa\u00e7on suivante<\/p>\n\n\n\n<figure class=\"wp-block-image\"><img decoding=\"async\" src=\"https:\/\/miniprojets.net\/wp-content\/uploads\/2023\/10\/Winky4-scaled.jpg\" alt=\"\"\/><\/figure>\n\n\n\n<p>Puis v\u00e9rifiez que le jumper du FTDI est bien sur 3.3V (normalement \u00e0 gauche comme sur la photo)<\/p>\n\n\n\n<figure class=\"wp-block-image\"><img decoding=\"async\" src=\"https:\/\/miniprojets.net\/wp-content\/uploads\/2023\/10\/WinkyFTDI.jpg\" alt=\"\"\/><\/figure>\n\n\n\n<p>Puis il faut brancher l&#8217;adaptateur et le FTDI ensemble<\/p>\n\n\n\n<figure class=\"wp-block-image\"><img decoding=\"async\" src=\"https:\/\/miniprojets.net\/wp-content\/uploads\/2023\/10\/20231004_112245-scaled.jpg\" alt=\"\"\/><\/figure>\n\n\n\n<p>Il faut branchez ensuite un cable Mini USB vers USB<\/p>\n\n\n\n<figure class=\"wp-block-image\"><img decoding=\"async\" src=\"https:\/\/miniprojets.net\/wp-content\/uploads\/2023\/10\/20231004_112303-scaled.jpg\" alt=\"\"\/><\/figure>\n\n\n\n<p><strong>Partie 2 : T\u00e9l\u00e9versement du firmware: Variante Windows (Pour Linux et Mac, voir les liens juste en dessous)<br><\/strong><\/p>\n\n\n\n<p>Version Linux: <a href=\"https:\/\/miniprojets.net\/index.php\/forum\/topic\/programmation-de-la-passerrelle-winky\/#postid-8\">https:\/\/miniprojets.net\/index.php\/forum\/topic\/programmation-de-la-passerrelle-winky\/#postid-8<\/a><\/p>\n\n\n\n<p>Version MAC: <a href=\"https:\/\/miniprojets.net\/index.php\/forum\/topic\/programmation-de-la-passerrelle-winky\/#postid-9\">https:\/\/miniprojets.net\/index.php\/forum\/topic\/programmation-de-la-passerrelle-winky\/#postid-9<\/a><\/p>\n\n\n\n<p>Maintenant, il faut appuyer sur le bouton de l\u2019adaptateur puis en le maintenant enfonc\u00e9, il faut brancher le c\u00e2ble USB \u00e0 l\u2019ordinateur<\/p>\n\n\n\n<figure class=\"wp-block-image\"><img decoding=\"async\" src=\"https:\/\/miniprojets.net\/wp-content\/uploads\/2023\/10\/Winkybis1.jpg\" alt=\"\"\/><\/figure>\n\n\n\n<p>Normalement l\u2019ordinateur devrait le reconnaitre automatiquement en \u00e9mettant un son.<\/p>\n\n\n\n<p>Vous pouvez rel\u00e2cher le bouton et passer \u00e0 la partie t\u00e9l\u00e9versement<\/p>\n\n\n\n<p>Pour cette partie, vous pouvez r\u00e9cup\u00e9rer les fichiers permettant la programmation ou reprogrammation du winky \u00e0 l&#8217;adresse suivante:<\/p>\n\n\n\n<figure class=\"wp-block-embed\"><div class=\"wp-block-embed__wrapper\">\nhttps:\/\/gricad-gitlab.univ-grenoble-alpes.fr\/ferrarij\/winky\/-\/tree\/main\/WinKy_Programmation\/Flash_ESP8266?ref_type=heads\n<\/div><\/figure>\n\n\n\n<p>Pour cela, une fois la page affich\u00e9e, il faut cliquer sur le bouton Download<\/p>\n\n\n\n<figure class=\"wp-block-image\"><img decoding=\"async\" src=\"https:\/\/miniprojets.net\/wp-content\/uploads\/2023\/10\/Winkyrecup1.jpg\" alt=\"\"\/><\/figure>\n\n\n\n<p>puis cliquer sur Zip de la fen\u00eatre Download this directory<\/p>\n\n\n\n<figure class=\"wp-block-image\"><img decoding=\"async\" src=\"https:\/\/miniprojets.net\/wp-content\/uploads\/2023\/10\/Winkyrecup2.jpg\" alt=\"\"\/><\/figure>\n\n\n\n<p>Une fois le dossier t\u00e9l\u00e9charg\u00e9, il faut le d\u00e9zipper<\/p>\n\n\n\n<p>Ensuite il faut aller dans le dossier extrait et double cliquer sur FlashESP8266.exe<\/p>\n\n\n\n<figure class=\"wp-block-image\"><img decoding=\"async\" src=\"https:\/\/miniprojets.net\/wp-content\/uploads\/2023\/10\/Winkypr1.png\" alt=\"\"\/><\/figure>\n\n\n\n<p>Normalement, le programme va s\u2019ouvrir et d\u00e9tecter le bon port com. Si cela n&#8217;est pas le cas, choissiez le port COM qui correspond \u00e0 votre adaptateur.<\/p>\n\n\n\n<figure class=\"wp-block-image\"><img decoding=\"async\" src=\"https:\/\/miniprojets.net\/wp-content\/uploads\/2023\/10\/Winkypr2.png\" alt=\"\"\/><\/figure>\n\n\n\n<p>Maintenant, il faut cliquer sur la fl\u00e8che Firmware et choisir Winky_OneForAll_VXX.bin (Normalement, il n&#8217;y a qu&#8217;une version, les autres fichiers servent \u00e0 nettoyer l&#8217;ESP8266 en cas de panne)<\/p>\n\n\n\n<figure class=\"wp-block-image\"><img decoding=\"async\" src=\"https:\/\/miniprojets.net\/wp-content\/uploads\/2023\/10\/Winkypr3.png\" alt=\"\"\/><\/figure>\n\n\n\n<p>Maintenant, il faut cliquer sur Flash.<\/p>\n\n\n\n<figure class=\"wp-block-image\"><img decoding=\"async\" src=\"https:\/\/miniprojets.net\/wp-content\/uploads\/2023\/10\/Winkypr4.png\" alt=\"\"\/><\/figure>\n\n\n\n<p>Le programme va commencer \u00e0 flasher et vous aurez quelque chose comme cela.<\/p>\n\n\n\n<figure class=\"wp-block-image\"><img decoding=\"async\" src=\"https:\/\/miniprojets.net\/wp-content\/uploads\/2023\/10\/Winkypr5.png\" alt=\"\"\/><\/figure>\n\n\n\n<p>Si tout se passe bien, \u00e0 la fin, il affichera le message suivant :<\/p>\n\n\n\n<figure class=\"wp-block-image\"><img decoding=\"async\" src=\"https:\/\/miniprojets.net\/wp-content\/uploads\/2023\/10\/Winkypr6.png\" alt=\"\"\/><\/figure>\n\n\n\n<p>Cliquez sur OK.<\/p>\n\n\n\n<p><strong>Partie 3: Mise \u00e0 jour des donn\u00e9es internes ou remontage Winky<\/strong><\/p>\n\n\n\n<p>Maintenant 2 choix s&#8217;offre \u00e0 vous:<\/p>\n\n\n\n<p><strong>Option 1: Il ne s&#8217;agit que d&#8217;une mise \u00e0 jour<\/strong><\/p>\n\n\n\n<p>S&#8217;il ne s&#8217;agit que d&#8217;une mise \u00e0 jour, vous pouvez maintenant d\u00e9brancher l\u2019esp8266 et remonter le winky en suivant les \u00e9tapes inverses \u00e0 son d\u00e9montage et vous pouvez le brancher sur le linky en suivant ce tutorial<\/p>\n\n\n\n<figure class=\"wp-block-embed is-type-wp-embed is-provider-miniprojets-net wp-block-embed-miniprojets-net\"><div class=\"wp-block-embed__wrapper\">\nhttps:\/\/miniprojets.net\/index.php\/forum\/topic\/tutorial-installer-le-winky-sur-le-linky\n<\/div><\/figure>\n\n\n\n<p><strong>Option 2: Il s&#8217;agit d&#8217;une premi\u00e8re mise en route ou d&#8217;une modification des donn\u00e9es internes<\/strong><\/p>\n\n\n\n<p>Si cette option est choisie, il faut d\u00e9brancher puis rebrancher l\u2019usb sans appuyer sur le bouton afin de mettre le Winky en mode HotSpot<\/p>\n\n\n\n<figure class=\"wp-block-image\"><img decoding=\"async\" src=\"https:\/\/miniprojets.net\/wp-content\/uploads\/2023\/10\/Annotation-2023-10-15-142459.jpg\" alt=\"\"\/><\/figure>\n\n\n\n<p>Si tout est ok, un nouveau r\u00e9seau wifi nomm\u00e9 XKY va apparaitre<\/p>\n\n\n\n<figure class=\"wp-block-image\"><img decoding=\"async\" src=\"https:\/\/miniprojets.net\/wp-content\/uploads\/2023\/10\/Winky7.png\" alt=\"\"\/><\/figure>\n\n\n\n<p>Il faut maintenant aller sur le r\u00e9seau wifi XKY avec le mot de passe oneforall<\/p>\n\n\n\n<p>Une fois connect\u00e9, il faudra aller sur un navigateur web et tapez l\u2019adresse 192.168.4.1<\/p>\n\n\n\n<p>Je vous invite \u00e0 aller sur la page du forum d\u00e9di\u00e9e aux explications de comment configurer votre Winky:<\/p>\n\n\n\n<figure class=\"wp-block-embed is-type-wp-embed is-provider-miniprojets-net wp-block-embed-miniprojets-net\"><div class=\"wp-block-embed__wrapper\">\nhttps:\/\/miniprojets.net\/index.php\/forum\/topic\/tutorial-configuration-du-winky\/\n<\/div><\/figure>\n\n\n\n<p>Une fois toutes vos modifications et informations remplies correctement,&nbsp; vous pouvez maintenant d\u00e9brancher l\u2019esp8266 et remonter le winky en suivant les \u00e9tapes inverses \u00e0 son d\u00e9montage et vous pouvez le rebrancher sur le linky<\/p>\n","protected":false},"excerpt":{"rendered":"<p>Ce topic est \u00e9crit afin de supporter le tutorial pour programmer ou reprogrammer le firmware du Winky Partie 1 :&hellip;<\/p>\n","protected":false},"author":1,"featured_media":0,"parent":0,"menu_order":0,"comment_status":"closed","ping_status":"closed","template":"","meta":{"footnotes":""},"class_list":["post-4261","page","type-page","status-publish","hentry"],"_links":{"self":[{"href":"https:\/\/miniprojets.net\/index.php\/wp-json\/wp\/v2\/pages\/4261","targetHints":{"allow":["GET"]}}],"collection":[{"href":"https:\/\/miniprojets.net\/index.php\/wp-json\/wp\/v2\/pages"}],"about":[{"href":"https:\/\/miniprojets.net\/index.php\/wp-json\/wp\/v2\/types\/page"}],"author":[{"embeddable":true,"href":"https:\/\/miniprojets.net\/index.php\/wp-json\/wp\/v2\/users\/1"}],"replies":[{"embeddable":true,"href":"https:\/\/miniprojets.net\/index.php\/wp-json\/wp\/v2\/comments?post=4261"}],"version-history":[{"count":3,"href":"https:\/\/miniprojets.net\/index.php\/wp-json\/wp\/v2\/pages\/4261\/revisions"}],"predecessor-version":[{"id":4439,"href":"https:\/\/miniprojets.net\/index.php\/wp-json\/wp\/v2\/pages\/4261\/revisions\/4439"}],"wp:attachment":[{"href":"https:\/\/miniprojets.net\/index.php\/wp-json\/wp\/v2\/media?parent=4261"}],"curies":[{"name":"wp","href":"https:\/\/api.w.org\/{rel}","templated":true}]}}