{"id":3509,"date":"2022-12-17T15:13:05","date_gmt":"2022-12-17T14:13:05","guid":{"rendered":"https:\/\/miniprojets.net\/?page_id=3509"},"modified":"2025-05-23T11:47:24","modified_gmt":"2025-05-23T09:47:24","slug":"projet-xky","status":"publish","type":"page","link":"https:\/\/miniprojets.net\/index.php\/projet-xky\/","title":{"rendered":"Projet xKy (passerelles ERL LINKY)"},"content":{"rendered":"\n<p>Sur cette page, vous pouvez retrouver les diff\u00e9rents liens pour pouvoir fabriquer, programmer ou r\u00e9parer votre passerelle xKy .<\/p>\n\n\n\n<h2 class=\"wp-block-heading\">Forum de discussion<\/h2>\n\n\n\n<p><a href=\"https:\/\/miniprojets.net\/index.php\/forum\/\">https:\/\/miniprojets.net\/index.php\/forum\/<\/a><\/p>\n\n\n\n<h2 class=\"wp-block-heading\">Documentation des diff\u00e9rentes passerelles<\/h2>\n\n\n\n<h2 class=\"wp-block-heading\">Version Wifi &#8220;Winky&#8221; (deux variantes)<\/h2>\n\n\n\n<h3 class=\"wp-block-heading\">Winky Grand public<\/h3>\n\n\n\n<p>&#8220;Winky Grand public&#8221; avec un ESP32 C6 et cr\u00e9\u00e9e en partenariat avec Charles Hallard et Nicolas Bernarts<\/p>\n\n\n\n<figure class=\"wp-block-image size-full\"><img loading=\"lazy\" decoding=\"async\" width=\"904\" height=\"250\" src=\"https:\/\/miniprojets.net\/wp-content\/uploads\/2025\/05\/image-39.png\" alt=\"\" class=\"wp-image-4271\" srcset=\"https:\/\/miniprojets.net\/wp-content\/uploads\/2025\/05\/image-39.png 904w, https:\/\/miniprojets.net\/wp-content\/uploads\/2025\/05\/image-39-300x83.png 300w, https:\/\/miniprojets.net\/wp-content\/uploads\/2025\/05\/image-39-768x212.png 768w\" sizes=\"auto, (max-width: 904px) 100vw, 904px\" \/><\/figure>\n\n\n\n<p>Lien Gitlab de la passerelle &#8211;&gt; <a href=\"https:\/\/gricad-gitlab.univ-grenoble-alpes.fr\/ferrarij\/winky\">https:\/\/gricad-gitlab.univ-grenoble-alpes.fr\/ferrarij\/winky<\/a><\/p>\n\n\n\n<p>Lien Github Software Tasmota&#8211;&gt; <a href=\"https:\/\/github.com\/NicolasBernaerts\/tasmota\/tree\/master\/teleinfo\">https:\/\/github.com\/NicolasBernaerts\/tasmota\/tree\/master\/teleinfo<\/a><\/p>\n\n\n\n<p>Lien blog Charles Hallard &#8211;&gt; <a href=\"https:\/\/hallard.me\">https:\/\/hallard.me<\/a><\/p>\n\n\n\n<figure class=\"wp-block-embed is-type-wp-embed is-provider-miniprojets-net wp-block-embed-miniprojets-net\"><div class=\"wp-block-embed__wrapper\">\n<blockquote class=\"wp-embedded-content\" data-secret=\"qpeM7dQECe\"><a href=\"https:\/\/miniprojets.net\/index.php\/tutorial-configuration-du-winky-grand-public-software-version-tasmota\/\">Tutorial configuration du Winky Grand public (software version Tasmota)<\/a><\/blockquote><iframe loading=\"lazy\" class=\"wp-embedded-content\" sandbox=\"allow-scripts\" security=\"restricted\" style=\"position: absolute; visibility: hidden;\" title=\"&#8220;Tutorial configuration du Winky Grand public (software version Tasmota)&#8221; &#8212; MiniProjets.net\" src=\"https:\/\/miniprojets.net\/index.php\/tutorial-configuration-du-winky-grand-public-software-version-tasmota\/embed\/#?secret=5oQcPe8jhL#?secret=qpeM7dQECe\" data-secret=\"qpeM7dQECe\" width=\"600\" height=\"338\" frameborder=\"0\" marginwidth=\"0\" marginheight=\"0\" scrolling=\"no\"><\/iframe>\n<\/div><\/figure>\n\n\n\n<figure class=\"wp-block-embed is-type-wp-embed is-provider-miniprojets-net wp-block-embed-miniprojets-net\"><div class=\"wp-block-embed__wrapper\">\n<blockquote class=\"wp-embedded-content\" data-secret=\"gphpDFtBND\"><a href=\"https:\/\/miniprojets.net\/index.php\/tutorial-configuration-du-winky-grand-public-software-version-experimentation\/\">Tutorial configuration du Winky Grand public (software version exp\u00e9rimentation)<\/a><\/blockquote><iframe loading=\"lazy\" class=\"wp-embedded-content\" sandbox=\"allow-scripts\" security=\"restricted\" style=\"position: absolute; visibility: hidden;\" title=\"&#8220;Tutorial configuration du Winky Grand public (software version exp\u00e9rimentation)&#8221; &#8212; MiniProjets.net\" src=\"https:\/\/miniprojets.net\/index.php\/tutorial-configuration-du-winky-grand-public-software-version-experimentation\/embed\/#?secret=OcH7Iu3lxS#?secret=gphpDFtBND\" data-secret=\"gphpDFtBND\" width=\"600\" height=\"338\" frameborder=\"0\" marginwidth=\"0\" marginheight=\"0\" scrolling=\"no\"><\/iframe>\n<\/div><\/figure>\n\n\n\n<h3 class=\"wp-block-heading\">Winky Makers<\/h3>\n\n\n\n<p>&#8220;Winky Makers&#8221; avec un ESP8266 cr\u00e9e pour \u00eatre r\u00e9alisable en Fablab<\/p>\n\n\n\n<figure class=\"wp-block-image size-full\"><img loading=\"lazy\" decoding=\"async\" width=\"804\" height=\"400\" src=\"https:\/\/miniprojets.net\/wp-content\/uploads\/2025\/05\/image-40.png\" alt=\"\" class=\"wp-image-4272\" srcset=\"https:\/\/miniprojets.net\/wp-content\/uploads\/2025\/05\/image-40.png 804w, https:\/\/miniprojets.net\/wp-content\/uploads\/2025\/05\/image-40-300x149.png 300w, https:\/\/miniprojets.net\/wp-content\/uploads\/2025\/05\/image-40-768x382.png 768w\" sizes=\"auto, (max-width: 804px) 100vw, 804px\" \/><\/figure>\n\n\n\n<p>Lien Gitlab de la passerelle &#8211;&gt; <a href=\"https:\/\/gricad-gitlab.univ-grenoble-alpes.fr\/ferrarij\/winky\">https:\/\/gricad-gitlab.univ-grenoble-alpes.fr\/ferrarij\/winky<\/a><\/p>\n\n\n\n<figure class=\"wp-block-embed is-type-wp-embed is-provider-miniprojets-net wp-block-embed-miniprojets-net\"><div class=\"wp-block-embed__wrapper\">\n<blockquote class=\"wp-embedded-content\" data-secret=\"DMAA0YX1Jh\"><a href=\"https:\/\/miniprojets.net\/index.php\/notice-de-montage\/\">Notice de montage du Winky ESP8266<\/a><\/blockquote><iframe loading=\"lazy\" class=\"wp-embedded-content\" sandbox=\"allow-scripts\" security=\"restricted\" style=\"position: absolute; visibility: hidden;\" title=\"&#8220;Notice de montage du Winky ESP8266&#8221; &#8212; MiniProjets.net\" src=\"https:\/\/miniprojets.net\/index.php\/notice-de-montage\/embed\/#?secret=qEjgjBv4xL#?secret=DMAA0YX1Jh\" data-secret=\"DMAA0YX1Jh\" width=\"600\" height=\"338\" frameborder=\"0\" marginwidth=\"0\" marginheight=\"0\" scrolling=\"no\"><\/iframe>\n<\/div><\/figure>\n\n\n\n<figure class=\"wp-block-embed is-type-wp-embed is-provider-miniprojets-net wp-block-embed-miniprojets-net\"><div class=\"wp-block-embed__wrapper\">\n<blockquote class=\"wp-embedded-content\" data-secret=\"e8TqiwjazS\"><a href=\"https:\/\/miniprojets.net\/index.php\/notice-mise-a-jour-winky-esp8266-software-version-laboratoire\/\">Notice mise \u00e0 jour Winky ESP8266 (software version exp\u00e9rimentation)<\/a><\/blockquote><iframe loading=\"lazy\" class=\"wp-embedded-content\" sandbox=\"allow-scripts\" security=\"restricted\" style=\"position: absolute; visibility: hidden;\" title=\"&#8220;Notice mise \u00e0 jour Winky ESP8266 (software version exp\u00e9rimentation)&#8221; &#8212; MiniProjets.net\" src=\"https:\/\/miniprojets.net\/index.php\/notice-mise-a-jour-winky-esp8266-software-version-laboratoire\/embed\/#?secret=qNoWG5Pbej#?secret=e8TqiwjazS\" data-secret=\"e8TqiwjazS\" width=\"600\" height=\"338\" frameborder=\"0\" marginwidth=\"0\" marginheight=\"0\" scrolling=\"no\"><\/iframe>\n<\/div><\/figure>\n\n\n\n<figure class=\"wp-block-embed is-type-wp-embed is-provider-miniprojets-net wp-block-embed-miniprojets-net\"><div class=\"wp-block-embed__wrapper\">\n<blockquote class=\"wp-embedded-content\" data-secret=\"97WaN6dQmr\"><a href=\"https:\/\/miniprojets.net\/index.php\/tutorial-configuration-du-winky-esp8266\/\">Tutorial configuration du Winky ESP8266 (software version exp\u00e9rimentation)<\/a><\/blockquote><iframe loading=\"lazy\" class=\"wp-embedded-content\" sandbox=\"allow-scripts\" security=\"restricted\" style=\"position: absolute; visibility: hidden;\" title=\"&#8220;Tutorial configuration du Winky ESP8266 (software version exp\u00e9rimentation)&#8221; &#8212; MiniProjets.net\" src=\"https:\/\/miniprojets.net\/index.php\/tutorial-configuration-du-winky-esp8266\/embed\/#?secret=EOfzHbEzTR#?secret=97WaN6dQmr\" data-secret=\"97WaN6dQmr\" width=\"600\" height=\"338\" frameborder=\"0\" marginwidth=\"0\" marginheight=\"0\" scrolling=\"no\"><\/iframe>\n<\/div><\/figure>\n\n\n\n<h2 class=\"wp-block-heading\">Version LoRa &#8220;LoKy&#8221;<\/h2>\n\n\n\n<figure class=\"wp-block-image size-full\"><img loading=\"lazy\" decoding=\"async\" width=\"848\" height=\"445\" src=\"https:\/\/miniprojets.net\/wp-content\/uploads\/2025\/05\/image-41.png\" alt=\"\" class=\"wp-image-4273\" srcset=\"https:\/\/miniprojets.net\/wp-content\/uploads\/2025\/05\/image-41.png 848w, https:\/\/miniprojets.net\/wp-content\/uploads\/2025\/05\/image-41-300x157.png 300w, https:\/\/miniprojets.net\/wp-content\/uploads\/2025\/05\/image-41-768x403.png 768w\" sizes=\"auto, (max-width: 848px) 100vw, 848px\" \/><\/figure>\n\n\n\n<p>Lien Gitlab &#8211;&gt; <a href=\"https:\/\/gricad-gitlab.univ-grenoble-alpes.fr\/ferrarij\/LoKy\">https:\/\/gricad-gitlab.univ-grenoble-alpes.fr\/ferrarij\/LoKy<\/a><\/p>\n\n\n\n<h2 class=\"wp-block-heading\">Version Ethernet &#8220;EKy&#8221;<\/h2>\n\n\n\n<figure class=\"wp-block-image size-full\"><img loading=\"lazy\" decoding=\"async\" width=\"591\" height=\"431\" src=\"https:\/\/miniprojets.net\/wp-content\/uploads\/2025\/05\/image-42.png\" alt=\"\" class=\"wp-image-4274\" srcset=\"https:\/\/miniprojets.net\/wp-content\/uploads\/2025\/05\/image-42.png 591w, https:\/\/miniprojets.net\/wp-content\/uploads\/2025\/05\/image-42-300x219.png 300w\" sizes=\"auto, (max-width: 591px) 100vw, 591px\" \/><\/figure>\n\n\n\n<p><a href=\"https:\/\/gricad-gitlab.univ-grenoble-alpes.fr\/ferrarij\/eky\">https:\/\/gricad-gitlab.univ-grenoble-alpes.fr\/ferrarij\/eky<\/a><\/p>\n\n\n\n<h2 class=\"wp-block-heading\">Concept de d\u00e9modulation<\/h2>\n\n\n\n<p><a href=\"https:\/\/gricad-gitlab.univ-grenoble-alpes.fr\/ferrarij\/xky\">https:\/\/gricad-gitlab.univ-grenoble-alpes.fr\/ferrarij\/xky<\/a><\/p>\n","protected":false},"excerpt":{"rendered":"<p>Sur cette page, vous pouvez retrouver les diff\u00e9rents liens pour pouvoir fabriquer, programmer ou r\u00e9parer votre passerelle xKy . Forum&hellip;<\/p>\n","protected":false},"author":1,"featured_media":0,"parent":0,"menu_order":0,"comment_status":"closed","ping_status":"closed","template":"","meta":{"footnotes":""},"class_list":["post-3509","page","type-page","status-publish","hentry"],"_links":{"self":[{"href":"https:\/\/miniprojets.net\/index.php\/wp-json\/wp\/v2\/pages\/3509","targetHints":{"allow":["GET"]}}],"collection":[{"href":"https:\/\/miniprojets.net\/index.php\/wp-json\/wp\/v2\/pages"}],"about":[{"href":"https:\/\/miniprojets.net\/index.php\/wp-json\/wp\/v2\/types\/page"}],"author":[{"embeddable":true,"href":"https:\/\/miniprojets.net\/index.php\/wp-json\/wp\/v2\/users\/1"}],"replies":[{"embeddable":true,"href":"https:\/\/miniprojets.net\/index.php\/wp-json\/wp\/v2\/comments?post=3509"}],"version-history":[{"count":9,"href":"https:\/\/miniprojets.net\/index.php\/wp-json\/wp\/v2\/pages\/3509\/revisions"}],"predecessor-version":[{"id":4286,"href":"https:\/\/miniprojets.net\/index.php\/wp-json\/wp\/v2\/pages\/3509\/revisions\/4286"}],"wp:attachment":[{"href":"https:\/\/miniprojets.net\/index.php\/wp-json\/wp\/v2\/media?parent=3509"}],"curies":[{"name":"wp","href":"https:\/\/api.w.org\/{rel}","templated":true}]}}